common divisor of y and l.
10
Let v = 45 + 11. Let a be -3*((-20)/6)/5. Let s be (-2 + a)/3 - -140. What is the highest common factor of v and s?
28
Let u be 3/(-30)*-326 + (-12)/(-30). Calculate the greatest common factor of 88 and u.
11
Let r(g) = g**3 + 4*g**2 - 2*g - 4. Let u be r(-4). Suppose b = -u*b. Suppose -5*k + 15 = -b*k. What is the highest common factor of 12 and k?
3
Let r = -93 - -131. What is the highest common divisor of r and 608?
38
Suppose 5*s = 6*s - 9. Suppose s = 2*a + 3. What is the greatest common factor of 21 and a?
3
Suppose 11*o - 1967 - 1333 = 0. Calculate the greatest common factor of 45 and o.
15
Let i = -18 - -405. What is the highest common divisor of i and 63?
9
Let z be (9/6)/((18/20)/3). Suppose z*o - 151 = 9. What is the greatest common divisor of 224 and o?
32
Suppose -5*a = 4*q - 1622, 800 = 2*q - a - 2*a. What is the greatest common factor of 13 and q?
13
Suppose -5 = -t + 4*r, -3*t + 4*r + 0*r + 47 = 0. What is the highest common divisor of t and 1113?
21
Let t(g) = -9*g. Let u be t(-2). Let l = -2 + 2. Suppose -2*o - o - a + 483 = l, 6 = -2*a. Calculate the highest common divisor of o and u.
18
Suppose 2*h - 6*h = 4. Let k = -52 + 115. Let b be k - ((h - -4) + -3). Calculate the greatest common factor of b and 9.
9
Let l(x) = -7*x - 897. Let p be l(-135). Let r = -15 - -135. What is the greatest common divisor of r and p?
24
Suppose z = -2*u - 3*u + 161, z - 62 = -2*u. Let v = 20 + u. Let d = v - -31. Calculate the greatest common factor of 12 and d.
12
Let y = 336 - -44. What is the highest common factor of 40 and y?
20
Let t be -1*2*13/(-2). Let y = 448 - 133. Suppose 0 = 2*b + 107 - y. Calculate the greatest common factor of b and t.
13
Suppose -5*l = -k + 250, 5*l - 3*k + 250 = -6*k. Let i = l + 59. What is the highest common factor of i and 63?
9
Let d = -1676 - -1805. What is the highest common factor of 473 and d?
43
Let d(v) = 2*v**2 + 2*v - 6. Let t be d(-3). What is the highest common divisor of 174 and t?
6
Let o = 113 - 110. Let b(s) = -s**3 + s**2 + 24. Let w(u) = -u - 2. Let n be w(-2). Let a be b(n). What is the greatest common factor of a and o?
3
Suppose -3*v + 1 = -4*c + 14, 2*v - 5*c + 18 = 0. What is the greatest common factor of v and 128?
1
Let y = 290 + -182. Let f = -42 - 104. Let t = -134 - f. Calculate the highest common factor of y and t.
12
Suppose -5*y + y = -5*z - 62, -4*y + 82 = 5*z. Suppose -4*b + y = 2*b. Let l be 112/b - (-12)/(-9). Calculate the greatest common divisor of l and 12.
12
Suppose -2*z + 50 = 4*t, 2*t - 2*z - 30 = 2*z. What is the highest common factor of t and 767?
13
Let b = -34 - -38. Suppose -5*n = 3*f + 33 + 2, 3*n - 13 = 5*f. Let h be 2*n*(-20)/b. What is the greatest common divisor of 5 and h?
5
Let i = -63 + 69. Calculate the highest common factor of i and 48.
6
Let i = 978 - 928. What is the greatest common factor of i and 275?
25
Suppose 2*s - 113 - 69 = 0. Let u be (-1 - -2)/(-3*(-1)/39). What is the highest common factor of u and s?
13
Suppose -6*a = -40*a + 1564. What is the highest common factor of a and 23?
23
Suppose -790*t + 784*t = -468. What is the greatest common factor of 39 and t?
39
Suppose 15 = -4*t + 3. Let c be t - (1 + -2 - 27). What is the greatest common factor of c and 5?
5
Let s be 0 - 20/(-110) - (-8906)/22. Calculate the highest common divisor of 324 and s.
81
Suppose n = h - 15, 4*n + 11 = 3. Suppose 0 = -5*q + 2 + h. Suppose -5 + 3 = -2*r - q*d, 0 = r + 5*d + 6. Calculate the highest common divisor of r and 32.
4
Let h(x) = -5*x - 9. Let w be h(-6). What is the greatest common divisor of 525 and w?
21
Suppose 4*c = 3*b + 84, c = -4*b + 11 + 29. Calculate the greatest common divisor of c and 24.
24
Let j(o) = 2*o**2 + 52*o - 159. Let h be j(-47). Calculate the greatest common divisor of h and 15.
15
Let j(o) = -o**3 - 4*o**2 + 2*o - 3. Let a be j(-5). Let z = -24 + a. Let g be z/5*(-690)/12. What is the greatest common factor of 23 and g?
23
Suppose -3*z + 4*y - 102 = -302, 5*y + 10 = 0. Suppose -s - 64*k = -65*k - 27, -5*s - k = -165. What is the greatest common divisor of z and s?
32
Let u = 311 - 221. What is the greatest common divisor of u and 20?
10
Suppose 3*g - 465 = -3*d, -4*g = -4*d - 6*g + 610. Calculate the highest common divisor of d and 18.
6
Let f = -9 + 47. Suppose -4*t + 45*p - 48*p = -155, 0 = -2*p + 2. What is the highest common factor of t and f?
38
Let p(c) = 26*c + 14. Let m be p(6). Suppose -515 - 301 = -12*g. What is the highest common divisor of m and g?
34
Suppose 0 = 7*v - 1311 + 415. What is the highest common factor of 8 and v?
8
Suppose 6*t + 22 = 7*t. Suppose -354 + 2 = -2*a. Let c be (-2)/(4/a*-2). Calculate the greatest common factor of t and c.
22
Let q be 12/(-144)*4 + (-1442)/(-6). Calculate the greatest common factor of 210 and q.
30
Let c(s) be the third derivative of s**4/24 - 7*s**3/6 + 5*s**2. Let t be c(9). Calculate the greatest common factor of 6 and t.
2
Suppose -3*d + 4*s + 79 = -0*s, d - 41 = 5*s. What is the greatest common divisor of d and 525?
21
Let k(g) = g**3 + 8*g**2 - 17*g. Let o be k(-10). Let d be ((-60)/o)/(1/((-12)/(-2))). What is the highest common divisor of 9 and d?
3
Let i be -128*(45/36 - (-4)/(-1)). What is the highest common divisor of 22 and i?
22
Let w = -179 + 326. Suppose w = 8*v - 13. Calculate the highest common divisor of v and 100.
20
Let l = 173 + -137. Let w be (-6)/45 + (-722)/(-15). Calculate the greatest common divisor of w and l.
12
Suppose -r - 3*g + 20 = 0, 0 = 4*r + g - 24 - 34. What is the highest common divisor of 2 and r?
2
Suppose -4*a - 2 = 14, 4*a = -w + 14. Calculate the highest common divisor of w and 30.
30
Suppose -6*i = -299 - 67. Calculate the greatest common divisor of i and 183.
61
Let c = -81 + 99. What is the highest common factor of 18 and c?
18
Let s(i) = -i**3 - 4*i**2 + 3*i - 3. Let g be s(-5). Let f = 102 + -60. Calculate the greatest common divisor of f and g.
7
Let o be (-418)/(-6) - 4/6. Suppose 5*m + o = 8*m. Let z be -2*(-2 + (-38)/4). What is the highest common factor of z and m?
23
Let q = -1054 - -1110. What is the greatest common factor of 14 and q?
14
Let v be (-68)/(-36) + -2 - (-2196)/81. Let i be (-3 + -24)/(2/(-6)). What is the greatest common factor of v and i?
27
Let b(m) = 7*m + 35. Let z be b(-8). Let q be (-8 + -2)*(-1 + z/1). Calculate the greatest common divisor of 20 and q.
20
Let j = 18 - 12. Suppose -4*z = z + 110. Let p = -16 - z. What is the highest common divisor of j and p?
6
Let n be (-289)/(-2312) + 2/16*911. What is the highest common divisor of n and 874?
38
Suppose -10*a + 14*a + 60 = 0. Let t = 14 + a. Let l = 4 + t. What is the greatest common divisor of 3 and l?
3
Let y(h) = -h**3 + 8*h**2 + 11*h - 13. Let r be y(9). Let x(d) = -6*d + 1 + 17*d - 15 - 4*d. Let g be x(7). Calculate the highest common factor of r and g.
5
Let q be (-1 + 0)/((42/(-7))/1014). Suppose -29 = 4*s - q. What is the greatest common divisor of 35 and s?
35
Suppose 4*p = -6*p + 40. Suppose 13 = 3*u + 2*j, p*u - 20 - 1 = j. What is the greatest common factor of 65 and u?
5
Let q be (4/(-6))/((-1248)/207 + 6). Let a = 111 + -65. Calculate the greatest common factor of q and a.
23
Let m be ((-20)/7)/((-44)/924). What is the greatest common divisor of m and 705?
15
Suppose b - 4*i + 192 = 5*b, -3*b + i + 144 = 0. Calculate the highest common factor of b and 480.
48
Let z be 4/34 + (-2020)/(-170). What is the greatest common factor of 588 and z?
12
Let u = 305 - 184. What is the greatest common divisor of u and 11?
11
Let b be (4/(-6))/(((-145)/(-240))/(-29)). Suppose -7*g + 32 = -3*g. What is the greatest common divisor of b and g?
8
Let l be (-1 - -4)*(6 + -7 + 3). What is the greatest common factor of l and 27?
3
Let r(q) = 4*q**3 + 6 - q**2 + 5*q**3 - 4*q**2 - 8*q**3. Let f = 19 + -14. Let c be r(f). Calculate the greatest common divisor of c and 4.
2
Suppose -64 = -2*h + 4*t, -2*h - 7*t + 19 = -2*t. Let i be (-4)/22 + 3*(-3874)/(-33). What is the highest common factor of h and i?
22
Let z be 4/((2 + -1)*1). Suppose -k + z*k = 216. What is the greatest common divisor of k and 36?
36
Let y = -278 + 326. What is the highest common factor of 12 and y?
12
Let d = 163 + -85. Suppose -5*r - r = -d. Calculate the grea